Last updated on 2023-03-25 04:54:47 CET.
Flavor | Version | Tinstall | Tcheck | Ttotal | Status | Flags |
---|---|---|---|---|---|---|
r-devel-linux-x86_64-debian-clang | 0.10.15 | 27.48 | 237.59 | 265.07 | NOTE | |
r-devel-linux-x86_64-debian-gcc | 0.10.15 | 23.74 | 176.87 | 200.61 | NOTE | |
r-devel-linux-x86_64-fedora-clang | 0.10.15 | 336.93 | NOTE | |||
r-devel-linux-x86_64-fedora-gcc | 0.10.15 | 316.76 | NOTE | |||
r-patched-linux-x86_64 | 0.10.15 | 34.29 | 199.90 | 234.19 | OK | |
r-release-linux-x86_64 | 0.10.15 | 26.84 | 196.62 | 223.46 | OK | |
r-release-macos-arm64 | 0.10.15 | 78.00 | OK | |||
r-release-macos-x86_64 | 0.10.15 | 95.00 | OK | |||
r-release-windows-x86_64 | 0.10.15 | 736.00 | 314.00 | 1050.00 | OK | |
r-oldrel-macos-arm64 | 0.10.15 | 77.00 | OK | |||
r-oldrel-macos-x86_64 | 0.10.15 | 100.00 | OK | |||
r-oldrel-windows-ix86+x86_64 | 0.10.15 | 48.00 | 264.00 | 312.00 | OK |
Version: 0.10.15
Check: Rd \usage sections
Result: NOTE
S3 methods shown with full name in documentation object ‘log’:
‘log2.generic_spct’ ‘log10.generic_spct’
The \usage entries for S3 methods should use the \method markup and not
their full name.
See chapter ‘Writing R documentation files’ in the ‘Writing R
Extensions’ manual.
Flavors: r-devel-linux-x86_64-debian-clang, r-devel-linux-x86_64-debian-gcc, r-devel-linux-x86_64-fedora-clang, r-devel-linux-x86_64-fedora-gcc