CRAN Package Check Results for Package phonfieldwork

Last updated on 2023-04-02 04:51:46 CEST.

Flavor Version Tinstall Tcheck Ttotal Status Flags
r-devel-linux-x86_64-debian-clang 0.0.11 5.38 66.20 71.58 NOTE
r-devel-linux-x86_64-debian-gcc 0.0.11 5.11 52.15 57.26 NOTE
r-devel-linux-x86_64-fedora-clang 0.0.11 91.80 NOTE
r-devel-linux-x86_64-fedora-gcc 0.0.11 110.94 NOTE
r-devel-windows-x86_64 0.0.11 14.00 110.00 124.00 NOTE
r-patched-linux-x86_64 0.0.11 8.94 64.37 73.31 NOTE
r-release-linux-x86_64 0.0.11 7.35 67.11 74.46 NOTE
r-release-macos-arm64 0.0.11 32.00 NOTE
r-release-macos-x86_64 0.0.11 45.00 NOTE
r-release-windows-x86_64 0.0.11 70.00 119.00 189.00 NOTE
r-oldrel-macos-arm64 0.0.11 37.00 NOTE
r-oldrel-macos-x86_64 0.0.11 47.00 NOTE
r-oldrel-windows-ix86+x86_64 0.0.11 17.00 99.00 116.00 NOTE

Check Details

Version: 0.0.11
Check: LazyData
Result: NOTE
     'LazyData' is specified without a 'data' directory
Flavors: r-devel-linux-x86_64-debian-clang, r-devel-linux-x86_64-debian-gcc, r-devel-linux-x86_64-fedora-clang, r-devel-linux-x86_64-fedora-gcc, r-devel-windows-x86_64, r-patched-linux-x86_64, r-release-linux-x86_64, r-release-macos-arm64, r-release-macos-x86_64, r-release-windows-x86_64, r-oldrel-macos-arm64, r-oldrel-macos-x86_64, r-oldrel-windows-ix86+x86_64