CRAN Package Check Results for Package pguIMP

Last updated on 2023-03-22 04:52:52 CET.

Flavor Version Tinstall Tcheck Ttotal Status Flags
r-devel-linux-x86_64-debian-clang 0.0.0.3 50.03 257.04 307.07 OK
r-devel-linux-x86_64-debian-gcc 0.0.0.3 40.50 189.94 230.44 OK
r-devel-linux-x86_64-fedora-clang 0.0.0.3 399.09 NOTE
r-devel-linux-x86_64-fedora-gcc 0.0.0.3 371.47 NOTE
r-patched-linux-x86_64 0.0.0.3 59.92 233.01 292.93 OK
r-release-linux-x86_64 0.0.0.3 51.63 223.39 275.02 OK
r-release-macos-arm64 0.0.0.3 92.00 NOTE
r-release-macos-x86_64 0.0.0.3 189.00 NOTE
r-release-windows-x86_64 0.0.0.3 765.00 263.00 1028.00 NOTE
r-oldrel-macos-arm64 0.0.0.3 102.00 NOTE
r-oldrel-macos-x86_64 0.0.0.3 129.00 NOTE
r-oldrel-windows-ix86+x86_64 0.0.0.3 102.00 248.00 350.00 NOTE

Check Details

Version: 0.0.0.3
Check: package dependencies
Result: NOTE
    Imports includes 38 non-default packages.
    Importing from so many packages makes the package vulnerable to any of
    them becoming unavailable. Move as many as possible to Suggests and
    use conditionally.
Flavor: r-devel-linux-x86_64-fedora-clang

Version: 0.0.0.3
Check: installed package size
Result: NOTE
     installed size is 6.5Mb
     sub-directories of 1Mb or more:
     application 5.0Mb
Flavors: r-devel-linux-x86_64-fedora-clang, r-release-macos-arm64, r-release-macos-x86_64, r-release-windows-x86_64, r-oldrel-macos-arm64, r-oldrel-macos-x86_64, r-oldrel-windows-ix86+x86_64

Version: 0.0.0.3
Check: dependencies in R code
Result: NOTE
    Namespaces in Imports field not imported from:
     ‘rJava’ ‘shinyWidgets’ ‘shinydashboard’ ‘shinyjs’
     All declared Imports should be used.
Flavors: r-devel-linux-x86_64-fedora-clang, r-devel-linux-x86_64-fedora-gcc, r-release-macos-arm64, r-release-macos-x86_64, r-oldrel-macos-arm64, r-oldrel-macos-x86_64