Last updated on 2023-03-25 04:54:47 CET.
Flavor | Version | Tinstall | Tcheck | Ttotal | Status | Flags |
---|---|---|---|---|---|---|
r-devel-linux-x86_64-debian-clang | 0.2.1 | 6.78 | 48.72 | 55.50 | NOTE | |
r-devel-linux-x86_64-debian-gcc | 0.2.1 | 5.10 | 36.71 | 41.81 | NOTE | |
r-devel-linux-x86_64-fedora-clang | 0.2.1 | 70.38 | NOTE | |||
r-devel-linux-x86_64-fedora-gcc | 0.2.1 | 65.19 | NOTE | |||
r-patched-linux-x86_64 | 0.2.1 | 6.74 | 47.82 | 54.56 | NOTE | |
r-release-linux-x86_64 | 0.2.1 | 4.26 | 47.65 | 51.91 | NOTE | |
r-release-macos-arm64 | 0.2.1 | 24.00 | NOTE | |||
r-release-macos-x86_64 | 0.2.1 | 47.00 | NOTE | |||
r-release-windows-x86_64 | 0.2.1 | 31.00 | 91.00 | 122.00 | NOTE | |
r-oldrel-macos-arm64 | 0.2.1 | 28.00 | NOTE | |||
r-oldrel-macos-x86_64 | 0.2.1 | 44.00 | NOTE | |||
r-oldrel-windows-ix86+x86_64 | 0.2.1 | 16.00 | 82.00 | 98.00 | NOTE |
Version: 0.2.1
Check: LazyData
Result: NOTE
'LazyData' is specified without a 'data' directory
Flavors: r-devel-linux-x86_64-debian-clang, r-devel-linux-x86_64-debian-gcc, r-devel-linux-x86_64-fedora-clang, r-devel-linux-x86_64-fedora-gcc, r-patched-linux-x86_64, r-release-linux-x86_64, r-release-macos-arm64, r-release-macos-x86_64, r-release-windows-x86_64, r-oldrel-macos-arm64, r-oldrel-macos-x86_64, r-oldrel-windows-ix86+x86_64