Last updated on 2023-03-20 04:53:11 CET.
Flavor | Version | Tinstall | Tcheck | Ttotal | Status | Flags |
---|---|---|---|---|---|---|
r-devel-linux-x86_64-debian-clang | 0.10.2 | OK | ||||
r-devel-linux-x86_64-debian-gcc | 0.10.2 | 16.53 | 155.36 | 171.89 | OK | |
r-devel-linux-x86_64-fedora-clang | 0.10.2 | 294.05 | OK | |||
r-devel-linux-x86_64-fedora-gcc | 0.10.2 | 289.51 | OK | |||
r-patched-linux-x86_64 | 0.10.2 | 20.97 | 200.06 | 221.03 | OK | |
r-release-linux-x86_64 | 0.10.2 | 19.26 | 195.73 | 214.99 | NOTE | |
r-release-macos-arm64 | 0.10.2 | 54.00 | OK | |||
r-release-macos-x86_64 | 0.10.2 | 74.00 | OK | |||
r-release-windows-x86_64 | 0.10.2 | 217.00 | 252.00 | 469.00 | OK | |
r-oldrel-macos-arm64 | 0.10.2 | 54.00 | OK | |||
r-oldrel-macos-x86_64 | 0.10.2 | 72.00 | OK | |||
r-oldrel-windows-ix86+x86_64 | 0.10.2 | 32.00 | 265.00 | 297.00 | OK |
Version: 0.10.2
Check: package dependencies
Result: NOTE
Package suggested but not available for checking: ‘blavaan’
Flavor: r-release-linux-x86_64