Last updated on 2023-04-02 04:51:45 CEST.
Flavor | Version | Tinstall | Tcheck | Ttotal | Status | Flags |
---|---|---|---|---|---|---|
r-devel-linux-x86_64-debian-clang | 0.2.4 | 169.04 | 97.51 | 266.55 | OK | |
r-devel-linux-x86_64-debian-gcc | 0.2.4 | 143.89 | 73.41 | 217.30 | OK | |
r-devel-linux-x86_64-fedora-clang | 0.2.4 | 388.91 | NOTE | |||
r-devel-linux-x86_64-fedora-gcc | 0.2.4 | 380.57 | OK | |||
r-devel-windows-x86_64 | 0.2.4 | 196.00 | 186.00 | 382.00 | NOTE | |
r-patched-linux-x86_64 | 0.2.4 | 121.73 | 99.32 | 221.05 | OK | |
r-release-linux-x86_64 | 0.2.4 | 111.93 | 98.38 | 210.31 | OK | |
r-release-macos-arm64 | 0.2.4 | 99.00 | NOTE | |||
r-release-macos-x86_64 | 0.2.4 | 117.00 | NOTE | |||
r-release-windows-x86_64 | 0.2.4 | 149.00 | 182.00 | 331.00 | NOTE | |
r-oldrel-macos-arm64 | 0.2.4 | 100.00 | NOTE | |||
r-oldrel-macos-x86_64 | 0.2.4 | 121.00 | NOTE | |||
r-oldrel-windows-ix86+x86_64 | 0.2.4 | 401.00 | 263.00 | 664.00 | NOTE |
Version: 0.2.4
Check: installed package size
Result: NOTE
installed size is 6.0Mb
sub-directories of 1Mb or more:
doc 4.0Mb
libs 1.7Mb
Flavors: r-devel-linux-x86_64-fedora-clang, r-devel-windows-x86_64, r-release-macos-arm64, r-release-macos-x86_64, r-release-windows-x86_64, r-oldrel-macos-arm64, r-oldrel-macos-x86_64, r-oldrel-windows-ix86+x86_64