Last updated on 2023-04-01 04:56:25 CEST.
Flavor | Version | Tinstall | Tcheck | Ttotal | Status | Flags |
---|---|---|---|---|---|---|
r-devel-linux-x86_64-debian-clang | 3.6 | 11.58 | 94.97 | 106.55 | NOTE | |
r-devel-linux-x86_64-debian-gcc | 3.6 | 8.01 | 73.83 | 81.84 | NOTE | |
r-devel-linux-x86_64-fedora-clang | 3.6 | 131.57 | NOTE | |||
r-devel-linux-x86_64-fedora-gcc | 3.6 | 138.13 | NOTE | |||
r-devel-windows-x86_64 | 3.6 | 16.00 | 0.00 | 16.00 | NOTE | |
r-patched-linux-x86_64 | 3.6 | 9.71 | 91.56 | 101.27 | NOTE | |
r-release-linux-x86_64 | 3.6 | 10.01 | 93.14 | 103.15 | OK | |
r-release-macos-arm64 | 3.6 | 44.00 | OK | |||
r-release-macos-x86_64 | 3.6 | 58.00 | OK | |||
r-release-windows-x86_64 | 3.6 | 19.00 | 142.00 | 161.00 | OK | |
r-oldrel-macos-arm64 | 3.6 | 45.00 | OK | |||
r-oldrel-macos-x86_64 | 3.6 | 59.00 | OK | |||
r-oldrel-windows-ix86+x86_64 | 3.6 | 21.00 | 117.00 | 138.00 | OK |
Version: 3.6
Check: Rd \usage sections
Result: NOTE
S3 methods shown with full name in documentation object ‘format.relation’:
‘format.relation’
The \usage entries for S3 methods should use the \method markup and not
their full name.
See chapter ‘Writing R documentation files’ in the ‘Writing R
Extensions’ manual.
Flavors: r-devel-linux-x86_64-debian-clang, r-devel-linux-x86_64-debian-gcc, r-devel-linux-x86_64-fedora-clang, r-devel-linux-x86_64-fedora-gcc, r-devel-windows-x86_64, r-patched-linux-x86_64