Last updated on 2023-03-31 04:51:56 CEST.
Flavor | Version | Tinstall | Tcheck | Ttotal | Status | Flags |
---|---|---|---|---|---|---|
r-devel-linux-x86_64-debian-clang | 0.2.8 | 7.56 | 64.28 | 71.84 | OK | |
r-devel-linux-x86_64-debian-gcc | 0.2.8 | 7.10 | 47.49 | 54.59 | OK | |
r-devel-linux-x86_64-fedora-clang | 0.2.8 | 90.75 | OK | |||
r-devel-linux-x86_64-fedora-gcc | 0.2.8 | 83.38 | OK | |||
r-devel-windows-x86_64 | 0.2.8 | 12.00 | 0.00 | 12.00 | OK | |
r-patched-linux-x86_64 | 0.2.8 | 8.51 | 60.08 | 68.59 | OK | |
r-release-linux-x86_64 | 0.2.8 | 6.43 | 61.75 | 68.18 | OK | |
r-release-macos-arm64 | 0.2.8 | 23.00 | OK | |||
r-release-macos-x86_64 | 0.2.8 | 41.00 | OK | |||
r-release-windows-x86_64 | 0.2.8 | 14.00 | 87.00 | 101.00 | OK | |
r-oldrel-macos-arm64 | 0.2.8 | 32.00 | OK | |||
r-oldrel-macos-x86_64 | 0.2.8 | 41.00 | OK | |||
r-oldrel-windows-ix86+x86_64 | 0.2.8 | 19.00 | 86.00 | 105.00 | NOTE |
Version: 0.2.8
Check: dependencies in R code
Result: NOTE
Initiating curl with CURL_SSL_BACKEND: openssl
Flavor: r-oldrel-windows-ix86+x86_64