CRAN Package Check Results for Package pbixr

Last updated on 2023-03-31 04:51:55 CEST.

Flavor Version Tinstall Tcheck Ttotal Status Flags
r-devel-linux-x86_64-debian-clang 0.1.4 7.03 56.81 63.84 NOTE
r-devel-linux-x86_64-debian-gcc 0.1.4 5.07 42.85 47.92 NOTE
r-devel-linux-x86_64-fedora-clang 0.1.4 78.69 NOTE
r-devel-linux-x86_64-fedora-gcc 0.1.4 88.68 NOTE
r-devel-windows-x86_64 0.1.4 18.00 0.00 18.00 NOTE
r-patched-linux-x86_64 0.1.4 6.46 53.46 59.92 NOTE
r-release-linux-x86_64 0.1.4 5.96 56.06 62.02 NOTE
r-release-macos-arm64 0.1.4 29.00 NOTE
r-release-macos-x86_64 0.1.4 49.00 NOTE
r-release-windows-x86_64 0.1.4 16.00 97.00 113.00 NOTE
r-oldrel-macos-arm64 0.1.4 39.00 NOTE
r-oldrel-macos-x86_64 0.1.4 51.00 NOTE
r-oldrel-windows-ix86+x86_64 0.1.4 15.00 88.00 103.00 NOTE

Check Details

Version: 0.1.4
Check: LazyData
Result: NOTE
     'LazyData' is specified without a 'data' directory
Flavors: r-devel-linux-x86_64-debian-clang, r-devel-linux-x86_64-debian-gcc, r-devel-linux-x86_64-fedora-clang, r-devel-linux-x86_64-fedora-gcc, r-devel-windows-x86_64, r-patched-linux-x86_64, r-release-linux-x86_64, r-release-macos-arm64, r-release-macos-x86_64, r-release-windows-x86_64, r-oldrel-macos-arm64, r-oldrel-macos-x86_64, r-oldrel-windows-ix86+x86_64