Last updated on 2023-03-22 04:52:52 CET.
Flavor | Version | Tinstall | Tcheck | Ttotal | Status | Flags |
---|---|---|---|---|---|---|
r-devel-linux-x86_64-debian-clang | 0.5.6 | 23.50 | 57.59 | 81.09 | OK | |
r-devel-linux-x86_64-debian-gcc | 0.5.6 | 19.99 | 44.13 | 64.12 | OK | |
r-devel-linux-x86_64-fedora-clang | 0.5.6 | 111.60 | OK | |||
r-devel-linux-x86_64-fedora-gcc | 0.5.6 | 99.15 | OK | |||
r-patched-linux-x86_64 | 0.5.6 | 23.19 | 54.58 | 77.77 | OK | |
r-release-linux-x86_64 | 0.5.6 | 18.72 | 55.58 | 74.30 | OK | |
r-release-macos-arm64 | 0.5.6 | 40.00 | OK | |||
r-release-macos-x86_64 | 0.5.6 | 53.00 | OK | |||
r-release-windows-x86_64 | 0.5.6 | 115.00 | 107.00 | 222.00 | OK | |
r-oldrel-macos-arm64 | 0.5.6 | 41.00 | OK | |||
r-oldrel-macos-x86_64 | 0.5.6 | 55.00 | OK | |||
r-oldrel-windows-ix86+x86_64 | 0.5.6 | 54.00 | 130.00 | 184.00 | NOTE |
Version: 0.5.6
Check: R code for possible problems
Result: NOTE
Initiating curl with CURL_SSL_BACKEND: openssl
Flavor: r-oldrel-windows-ix86+x86_64