Last updated on 2023-03-31 04:51:55 CEST.
Flavor | Version | Tinstall | Tcheck | Ttotal | Status | Flags |
---|---|---|---|---|---|---|
r-devel-linux-x86_64-debian-clang | 0.1.1 | 5.51 | 46.09 | 51.60 | NOTE | |
r-devel-linux-x86_64-debian-gcc | 0.1.1 | 4.75 | 35.54 | 40.29 | NOTE | |
r-devel-linux-x86_64-fedora-clang | 0.1.1 | 64.54 | NOTE | |||
r-devel-linux-x86_64-fedora-gcc | 0.1.1 | 61.69 | NOTE | |||
r-devel-windows-x86_64 | 0.1.1 | 19.00 | 0.00 | 19.00 | NOTE | |
r-patched-linux-x86_64 | 0.1.1 | 4.77 | 43.73 | 48.50 | NOTE | |
r-release-linux-x86_64 | 0.1.1 | 5.74 | 47.57 | 53.31 | NOTE | |
r-release-macos-arm64 | 0.1.1 | 21.00 | NOTE | |||
r-release-macos-x86_64 | 0.1.1 | 40.00 | NOTE | |||
r-release-windows-x86_64 | 0.1.1 | 18.00 | 85.00 | 103.00 | NOTE | |
r-oldrel-macos-arm64 | 0.1.1 | 21.00 | NOTE | |||
r-oldrel-macos-x86_64 | 0.1.1 | 37.00 | NOTE | |||
r-oldrel-windows-ix86+x86_64 | 0.1.1 | 14.00 | 75.00 | 89.00 | NOTE |
Version: 0.1.1
Check: LazyData
Result: NOTE
'LazyData' is specified without a 'data' directory
Flavors: r-devel-linux-x86_64-debian-clang, r-devel-linux-x86_64-debian-gcc, r-devel-linux-x86_64-fedora-clang, r-devel-linux-x86_64-fedora-gcc, r-devel-windows-x86_64, r-patched-linux-x86_64, r-release-linux-x86_64, r-release-macos-arm64, r-release-macos-x86_64, r-release-windows-x86_64, r-oldrel-macos-arm64, r-oldrel-macos-x86_64, r-oldrel-windows-ix86+x86_64