Last updated on 2023-04-02 04:51:45 CEST.
Flavor | Version | Tinstall | Tcheck | Ttotal | Status | Flags |
---|---|---|---|---|---|---|
r-devel-linux-x86_64-debian-clang | 1.0.1 | 6.45 | 56.00 | 62.45 | OK | |
r-devel-linux-x86_64-debian-gcc | 1.0.1 | 6.41 | 41.91 | 48.32 | OK | |
r-devel-linux-x86_64-fedora-clang | 1.0.1 | 78.74 | OK | |||
r-devel-linux-x86_64-fedora-gcc | 1.0.1 | 85.25 | OK | |||
r-devel-windows-x86_64 | 1.0.1 | 15.00 | 90.00 | 105.00 | OK | |
r-patched-linux-x86_64 | 1.0.1 | 5.11 | 54.28 | 59.39 | OK | |
r-release-linux-x86_64 | 1.0.1 | 6.05 | 53.62 | 59.67 | OK | |
r-release-macos-arm64 | 1.0.1 | 26.00 | OK | |||
r-release-macos-x86_64 | 1.0.1 | 44.00 | OK | |||
r-release-windows-x86_64 | 1.0.1 | 51.00 | 113.00 | 164.00 | OK | |
r-oldrel-macos-arm64 | 1.0.1 | 29.00 | OK | |||
r-oldrel-macos-x86_64 | 1.0.1 | 41.00 | OK | |||
r-oldrel-windows-ix86+x86_64 | 1.0.1 | 17.00 | 82.00 | 99.00 | NOTE |
Version: 1.0.1
Check: dependencies in R code
Result: NOTE
Initiating curl with CURL_SSL_BACKEND: openssl
Flavor: r-oldrel-windows-ix86+x86_64