Last updated on 2023-02-01 04:52:02 CET.
Flavor | Version | Tinstall | Tcheck | Ttotal | Status | Flags |
---|---|---|---|---|---|---|
r-devel-linux-x86_64-debian-clang | 2.0.5 | 16.66 | 66.99 | 83.65 | OK | |
r-devel-linux-x86_64-debian-gcc | 2.0.5 | 11.06 | 55.26 | 66.32 | OK | |
r-devel-linux-x86_64-fedora-clang | 2.0.5 | 109.38 | OK | |||
r-devel-linux-x86_64-fedora-gcc | 2.0.5 | 113.89 | OK | |||
r-devel-windows-x86_64 | 2.0.5 | 174.00 | 128.00 | 302.00 | NOTE | |
r-patched-linux-x86_64 | 2.0.5 | 12.10 | 70.79 | 82.89 | OK | |
r-release-linux-x86_64 | 2.0.5 | 11.32 | 65.92 | 77.24 | OK | |
r-release-macos-arm64 | 2.0.5 | 44.00 | NOTE | |||
r-release-macos-x86_64 | 2.0.5 | 46.00 | NOTE | |||
r-release-windows-x86_64 | 2.0.5 | 139.00 | 126.00 | 265.00 | NOTE | |
r-oldrel-macos-arm64 | 2.0.5 | 49.00 | NOTE | |||
r-oldrel-macos-x86_64 | 2.0.5 | 57.00 | NOTE | |||
r-oldrel-windows-ix86+x86_64 | 2.0.5 | 76.00 | 148.00 | 224.00 | NOTE |
Version: 2.0.5
Check: installed package size
Result: NOTE
installed size is 5.9Mb
sub-directories of 1Mb or more:
doc 2.6Mb
libs 2.8Mb
Flavors: r-devel-windows-x86_64, r-release-macos-arm64, r-release-macos-x86_64, r-release-windows-x86_64, r-oldrel-macos-arm64, r-oldrel-macos-x86_64, r-oldrel-windows-ix86+x86_64