Last updated on 2023-03-31 04:51:55 CEST.
Flavor | Version | Tinstall | Tcheck | Ttotal | Status | Flags |
---|---|---|---|---|---|---|
r-devel-linux-x86_64-debian-clang | 0.1.1 | 2.62 | 24.11 | 26.73 | OK | |
r-devel-linux-x86_64-debian-gcc | 0.1.1 | 2.23 | 19.06 | 21.29 | OK | |
r-devel-linux-x86_64-fedora-clang | 0.1.1 | 34.61 | NOTE | |||
r-devel-linux-x86_64-fedora-gcc | 0.1.1 | 44.33 | NOTE | |||
r-devel-windows-x86_64 | 0.1.1 | 19.00 | 0.00 | 19.00 | OK | |
r-patched-linux-x86_64 | 0.1.1 | 2.95 | 23.88 | 26.83 | OK | |
r-release-linux-x86_64 | 0.1.1 | 2.09 | 24.85 | 26.94 | OK | |
r-release-macos-arm64 | 0.1.1 | 17.00 | NOTE | |||
r-release-macos-x86_64 | 0.1.1 | 26.00 | NOTE | |||
r-release-windows-x86_64 | 0.1.1 | 12.00 | 50.00 | 62.00 | OK | |
r-oldrel-macos-arm64 | 0.1.1 | 15.00 | NOTE | |||
r-oldrel-macos-x86_64 | 0.1.1 | 23.00 | NOTE | |||
r-oldrel-windows-ix86+x86_64 | 0.1.1 | 7.00 | 51.00 | 58.00 | OK |
Version: 0.1.1
Check: dependencies in R code
Result: NOTE
Namespaces in Imports field not imported from:
‘dplyr’ ‘glue’ ‘httpcode’ ‘httr’ ‘jsonlite’ ‘tidyr’
All declared Imports should be used.
Flavors: r-devel-linux-x86_64-fedora-clang, r-devel-linux-x86_64-fedora-gcc, r-release-macos-arm64, r-release-macos-x86_64, r-oldrel-macos-arm64, r-oldrel-macos-x86_64