Last updated on 2023-03-23 04:53:27 CET.
Flavor | Version | Tinstall | Tcheck | Ttotal | Status | Flags |
---|---|---|---|---|---|---|
r-devel-linux-x86_64-debian-clang | 0.2-7 | 4.50 | 43.39 | 47.89 | NOTE | |
r-devel-linux-x86_64-debian-gcc | 0.2-7 | 3.24 | 34.15 | 37.39 | NOTE | |
r-devel-linux-x86_64-fedora-clang | 0.2-7 | 61.94 | NOTE | |||
r-devel-linux-x86_64-fedora-gcc | 0.2-7 | 64.06 | NOTE | |||
r-patched-linux-x86_64 | 0.2-7 | 4.37 | 43.54 | 47.91 | NOTE | |
r-release-linux-x86_64 | 0.2-7 | 3.40 | 44.29 | 47.69 | NOTE | |
r-release-macos-arm64 | 0.2-7 | 26.00 | NOTE | |||
r-release-macos-x86_64 | 0.2-7 | 31.00 | NOTE | |||
r-release-windows-x86_64 | 0.2-7 | 7.00 | 66.00 | 73.00 | NOTE | |
r-oldrel-macos-arm64 | 0.2-7 | 34.00 | NOTE | |||
r-oldrel-macos-x86_64 | 0.2-7 | 39.00 | NOTE | |||
r-oldrel-windows-ix86+x86_64 | 0.2-7 | 9.00 | 43.00 | 52.00 | NOTE |
Version: 0.2-7
Check: package dependencies
Result: NOTE
Package suggested but not available for checking: ‘openNLPmodels.en’
Flavors: r-devel-linux-x86_64-debian-clang, r-devel-linux-x86_64-debian-gcc, r-devel-linux-x86_64-fedora-clang, r-devel-linux-x86_64-fedora-gcc, r-patched-linux-x86_64, r-release-linux-x86_64, r-release-macos-arm64, r-release-macos-x86_64, r-release-windows-x86_64, r-oldrel-macos-arm64, r-oldrel-macos-x86_64, r-oldrel-windows-ix86+x86_64