CRAN Package Check Results for Package ojsr

Last updated on 2023-03-28 04:53:04 CEST.

Flavor Version Tinstall Tcheck Ttotal Status Flags
r-devel-linux-x86_64-debian-clang 0.1.2 3.90 82.58 86.48 NOTE
r-devel-linux-x86_64-debian-gcc 0.1.2 2.90 62.86 65.76 NOTE
r-devel-linux-x86_64-fedora-clang 0.1.2 91.82 NOTE
r-devel-linux-x86_64-fedora-gcc 0.1.2 108.89 NOTE
r-patched-linux-x86_64 0.1.2 3.70 80.58 84.28 NOTE
r-release-linux-x86_64 0.1.2 3.06 81.48 84.54 NOTE
r-release-macos-arm64 0.1.2 1051.00 NOTE
r-release-macos-x86_64 0.1.2 1110.00 NOTE
r-release-windows-x86_64 0.1.2 21.00 1087.00 1108.00 NOTE
r-oldrel-macos-arm64 0.1.2 947.00 NOTE
r-oldrel-macos-x86_64 0.1.2 973.00 NOTE
r-oldrel-windows-ix86+x86_64 0.1.2 8.00 1017.00 1025.00 NOTE

Check Details

Version: 0.1.2
Check: LazyData
Result: NOTE
     'LazyData' is specified without a 'data' directory
Flavors: r-devel-linux-x86_64-debian-clang, r-devel-linux-x86_64-debian-gcc, r-devel-linux-x86_64-fedora-clang, r-devel-linux-x86_64-fedora-gcc, r-patched-linux-x86_64, r-release-linux-x86_64, r-release-macos-arm64, r-release-macos-x86_64, r-release-windows-x86_64, r-oldrel-macos-arm64, r-oldrel-macos-x86_64, r-oldrel-windows-ix86+x86_64