Last updated on 2023-03-20 04:53:09 CET.
Flavor | Version | Tinstall | Tcheck | Ttotal | Status | Flags |
---|---|---|---|---|---|---|
r-devel-linux-x86_64-debian-clang | 1.2.4 | OK | ||||
r-devel-linux-x86_64-debian-gcc | 1.2.4 | 7.94 | 107.52 | 115.46 | OK | |
r-devel-linux-x86_64-fedora-clang | 1.2.4 | 191.24 | OK | |||
r-devel-linux-x86_64-fedora-gcc | 1.2.4 | 215.58 | OK | |||
r-patched-linux-x86_64 | 1.2.4 | 9.95 | 134.14 | 144.09 | OK | |
r-release-linux-x86_64 | 1.2.4 | 9.35 | 134.85 | 144.20 | OK | |
r-release-macos-arm64 | 1.2.4 | 80.00 | OK | |||
r-release-macos-x86_64 | 1.2.4 | 92.00 | OK | |||
r-release-windows-x86_64 | 1.2.4 | 61.00 | 214.00 | 275.00 | OK | |
r-oldrel-macos-arm64 | 1.2.4 | 68.00 | OK | |||
r-oldrel-macos-x86_64 | 1.2.4 | 112.00 | OK | |||
r-oldrel-windows-ix86+x86_64 | 1.2.4 | 21.00 | 211.00 | 232.00 | WARN |
Version: 1.2.4
Check: for unstated dependencies in ‘tests’
Result: WARN
Warning: unable to access index for repository https://bioconductor.org/packages/3.14/bioc/src/contrib:
cannot open URL 'https://bioconductor.org/packages/3.14/bioc/src/contrib/PACKAGES'
Warning: unable to access index for repository https://bioconductor.org/packages/3.14/data/annotation/src/contrib:
cannot open URL 'https://bioconductor.org/packages/3.14/data/annotation/src/contrib/PACKAGES'
Warning: unable to access index for repository https://bioconductor.org/packages/3.14/data/experiment/src/contrib:
cannot open URL 'https://bioconductor.org/packages/3.14/data/experiment/src/contrib/PACKAGES'
'library' or 'require' call not declared from: 'name'
Flavor: r-oldrel-windows-ix86+x86_64