Last updated on 2023-03-30 04:55:17 CEST.
Flavor | Version | Tinstall | Tcheck | Ttotal | Status | Flags |
---|---|---|---|---|---|---|
r-devel-linux-x86_64-debian-clang | 0.0.3 | 8.72 | 61.99 | 70.71 | OK | |
r-devel-linux-x86_64-debian-gcc | 0.0.3 | 5.77 | 46.19 | 51.96 | OK | |
r-devel-linux-x86_64-fedora-clang | 0.0.3 | 83.53 | NOTE | |||
r-devel-linux-x86_64-fedora-gcc | 0.0.3 | 80.86 | NOTE | |||
r-devel-windows-x86_64 | 0.0.3 | 19.00 | 0.00 | 19.00 | OK | |
r-patched-linux-x86_64 | 0.0.3 | 4.73 | 57.27 | 62.00 | OK | |
r-release-linux-x86_64 | 0.0.3 | 6.46 | 60.04 | 66.50 | OK | |
r-release-macos-arm64 | 0.0.3 | 26.00 | OK | |||
r-release-macos-x86_64 | 0.0.3 | 39.00 | OK | |||
r-release-windows-x86_64 | 0.0.3 | 11.00 | 89.00 | 100.00 | OK | |
r-oldrel-macos-arm64 | 0.0.3 | 27.00 | OK | |||
r-oldrel-macos-x86_64 | 0.0.3 | 41.00 | OK | |||
r-oldrel-windows-ix86+x86_64 | 0.0.3 | 17.00 | 85.00 | 102.00 | OK |
Version: 0.0.3
Check: data for non-ASCII characters
Result: NOTE
Note: found 4 marked UTF-8 strings
Flavors: r-devel-linux-x86_64-fedora-clang, r-devel-linux-x86_64-fedora-gcc