Last updated on 2023-03-23 04:53:27 CET.
Flavor | Version | Tinstall | Tcheck | Ttotal | Status | Flags |
---|---|---|---|---|---|---|
r-devel-linux-x86_64-debian-clang | 0.2-3 | 7.95 | 35.99 | 43.94 | OK | |
r-devel-linux-x86_64-debian-gcc | 0.2-3 | 7.42 | 28.66 | 36.08 | OK | |
r-devel-linux-x86_64-fedora-clang | 0.2-3 | 58.54 | OK | |||
r-devel-linux-x86_64-fedora-gcc | 0.2-3 | 53.74 | OK | |||
r-patched-linux-x86_64 | 0.2-3 | 10.94 | 35.04 | 45.98 | OK | |
r-release-linux-x86_64 | 0.2-3 | 8.94 | 35.21 | 44.15 | OK | |
r-release-macos-arm64 | 0.2-3 | 17.00 | OK | |||
r-release-macos-x86_64 | 0.2-3 | 29.00 | OK | |||
r-release-windows-x86_64 | 0.2-3 | 16.00 | 102.00 | 118.00 | OK | |
r-oldrel-macos-arm64 | 0.2-3 | 20.00 | OK | |||
r-oldrel-macos-x86_64 | 0.2-3 | 29.00 | OK | |||
r-oldrel-windows-ix86+x86_64 | 0.2-3 | 16.00 | 62.00 | 78.00 | NOTE |
Version: 0.2-3
Check: R code for possible problems
Result: NOTE
Initiating curl with CURL_SSL_BACKEND: openssl
Flavor: r-oldrel-windows-ix86+x86_64