CRAN Package Check Results for Package oceanmap

Last updated on 2023-02-08 04:52:06 CET.

Flavor Version Tinstall Tcheck Ttotal Status Flags
r-devel-linux-x86_64-debian-clang 0.1.1 41.22 386.76 427.98 OK
r-devel-linux-x86_64-debian-gcc 0.1.1 29.72 279.50 309.22 OK
r-devel-linux-x86_64-fedora-clang 0.1.1 525.95 NOTE
r-devel-linux-x86_64-fedora-gcc 0.1.1 502.15 OK
r-devel-windows-x86_64 0.1.1 122.00 420.00 542.00 NOTE
r-patched-linux-x86_64 0.1.1 47.71 372.58 420.29 OK
r-release-linux-x86_64 0.1.1 36.51 371.38 407.89 OK
r-release-macos-arm64 0.1.1 103.00 NOTE
r-release-macos-x86_64 0.1.1 196.00 NOTE
r-release-windows-x86_64 0.1.1 87.00 492.00 579.00 NOTE
r-oldrel-macos-arm64 0.1.1 81.00 NOTE
r-oldrel-macos-x86_64 0.1.1 117.00 NOTE
r-oldrel-windows-ix86+x86_64 0.1.1 98.00 422.00 520.00 NOTE

Check Details

Version: 0.1.1
Check: installed package size
Result: NOTE
     installed size is 6.2Mb
     sub-directories of 1Mb or more:
     R 1.5Mb
     test_files 4.2Mb
Flavors: r-devel-linux-x86_64-fedora-clang, r-devel-windows-x86_64, r-release-macos-arm64, r-release-macos-x86_64, r-release-windows-x86_64, r-oldrel-macos-arm64, r-oldrel-macos-x86_64, r-oldrel-windows-ix86+x86_64