Last updated on 2023-02-08 04:52:06 CET.
Flavor | Version | Tinstall | Tcheck | Ttotal | Status | Flags |
---|---|---|---|---|---|---|
r-devel-linux-x86_64-debian-clang | 1.8.5 | 50.04 | 277.48 | 327.52 | OK | |
r-devel-linux-x86_64-debian-gcc | 1.8.5 | 38.36 | 199.69 | 238.05 | OK | |
r-devel-linux-x86_64-fedora-clang | 1.8.5 | 427.65 | NOTE | |||
r-devel-linux-x86_64-fedora-gcc | 1.8.5 | 403.06 | OK | |||
r-devel-windows-x86_64 | 1.8.5 | 90.00 | 278.00 | 368.00 | NOTE | |
r-patched-linux-x86_64 | 1.8.5 | 49.36 | 265.74 | 315.10 | OK | |
r-release-linux-x86_64 | 1.8.5 | 43.97 | 258.66 | 302.63 | OK | |
r-release-macos-arm64 | 1.8.5 | 99.00 | NOTE | |||
r-release-macos-x86_64 | 1.8.5 | 135.00 | NOTE | |||
r-release-windows-x86_64 | 1.8.5 | 108.00 | 265.00 | 373.00 | NOTE | |
r-oldrel-macos-arm64 | 1.8.5 | 97.00 | NOTE | |||
r-oldrel-macos-x86_64 | 1.8.5 | 130.00 | NOTE | |||
r-oldrel-windows-ix86+x86_64 | 1.8.5 | 85.00 | 277.00 | 362.00 | NOTE |
Version: 1.8.5
Check: installed package size
Result: NOTE
installed size is 9.6Mb
sub-directories of 1Mb or more:
R 1.5Mb
doc 5.7Mb
extdata 1.6Mb
Flavors: r-devel-linux-x86_64-fedora-clang, r-devel-windows-x86_64, r-release-macos-arm64, r-release-macos-x86_64, r-release-windows-x86_64, r-oldrel-macos-arm64, r-oldrel-macos-x86_64, r-oldrel-windows-ix86+x86_64