Last updated on 2023-03-28 04:53:04 CEST.
Flavor | Version | Tinstall | Tcheck | Ttotal | Status | Flags |
---|---|---|---|---|---|---|
r-devel-linux-x86_64-debian-clang | 1.1.0 | 5.56 | 233.12 | 238.68 | OK | |
r-devel-linux-x86_64-debian-gcc | 1.1.0 | 4.53 | 167.34 | 171.87 | OK | |
r-devel-linux-x86_64-fedora-clang | 1.1.0 | 278.85 | OK | |||
r-devel-linux-x86_64-fedora-gcc | 1.1.0 | 310.80 | OK | |||
r-patched-linux-x86_64 | 1.1.0 | 5.86 | 217.55 | 223.41 | OK | |
r-release-linux-x86_64 | 1.1.0 | 4.06 | 221.37 | 225.43 | OK | |
r-release-macos-arm64 | 1.1.0 | 61.00 | NOTE | |||
r-release-macos-x86_64 | 1.1.0 | 100.00 | OK | |||
r-release-windows-x86_64 | 1.1.0 | 40.00 | 281.00 | 321.00 | OK | |
r-oldrel-macos-arm64 | 1.1.0 | 77.00 | NOTE | |||
r-oldrel-macos-x86_64 | 1.1.0 | 83.00 | NOTE | |||
r-oldrel-windows-ix86+x86_64 | 1.1.0 | 11.00 | 259.00 | 270.00 | OK |
Version: 1.1.0
Check: package dependencies
Result: NOTE
Packages suggested but not available for checking: 'treeio', 'ggtree'
Flavors: r-release-macos-arm64, r-oldrel-macos-arm64, r-oldrel-macos-x86_64
Version: 1.1.0
Check: Rd cross-references
Result: NOTE
Package unavailable to check Rd xrefs: ‘treeio’
Flavors: r-release-macos-arm64, r-oldrel-macos-arm64, r-oldrel-macos-x86_64