Last updated on 2023-03-30 04:55:17 CEST.
Flavor | Version | Tinstall | Tcheck | Ttotal | Status | Flags |
---|---|---|---|---|---|---|
r-devel-linux-x86_64-debian-clang | 1.3-0 | 3.68 | 33.88 | 37.56 | OK | |
r-devel-linux-x86_64-debian-gcc | 1.3-0 | 2.59 | 25.78 | 28.37 | OK | |
r-devel-linux-x86_64-fedora-clang | 1.3-0 | 46.47 | NOTE | |||
r-devel-linux-x86_64-fedora-gcc | 1.3-0 | 44.85 | OK | |||
r-devel-windows-x86_64 | 1.3-0 | 29.00 | 0.00 | 29.00 | OK | |
r-patched-linux-x86_64 | 1.3-0 | 4.30 | 32.90 | 37.20 | OK | |
r-release-linux-x86_64 | 1.3-0 | 3.48 | 33.05 | 36.53 | OK | |
r-release-macos-arm64 | 1.3-0 | 18.00 | OK | |||
r-release-macos-x86_64 | 1.3-0 | 26.00 | OK | |||
r-release-windows-x86_64 | 1.3-0 | 20.00 | 62.00 | 82.00 | OK | |
r-oldrel-macos-arm64 | 1.3-0 | 24.00 | OK | |||
r-oldrel-macos-x86_64 | 1.3-0 | 33.00 | OK | |||
r-oldrel-windows-ix86+x86_64 | 1.3-0 | 7.00 | 59.00 | 66.00 | OK |
Version: 1.3-0
Check: Rd cross-references
Result: NOTE
Undeclared package ‘copula’ in Rd xrefs
Flavor: r-devel-linux-x86_64-fedora-clang