Last updated on 2023-03-23 04:53:26 CET.
Flavor | Version | Tinstall | Tcheck | Ttotal | Status | Flags |
---|---|---|---|---|---|---|
r-devel-linux-x86_64-debian-clang | 2.0.3 | 26.81 | 47.20 | 74.01 | NOTE | |
r-devel-linux-x86_64-debian-gcc | 2.0.3 | 29.91 | 36.29 | 66.20 | NOTE | |
r-devel-linux-x86_64-fedora-clang | 2.0.3 | 102.20 | NOTE | |||
r-devel-linux-x86_64-fedora-gcc | 2.0.3 | 114.54 | NOTE | |||
r-patched-linux-x86_64 | 2.0.3 | 28.03 | 44.15 | 72.18 | OK | |
r-release-linux-x86_64 | 2.0.3 | 24.25 | 44.94 | 69.19 | OK | |
r-release-macos-arm64 | 2.0.3 | 53.00 | NOTE | |||
r-release-macos-x86_64 | 2.0.3 | 51.00 | NOTE | |||
r-release-windows-x86_64 | 2.0.3 | 51.00 | 172.00 | 223.00 | OK | |
r-oldrel-macos-arm64 | 2.0.3 | 53.00 | NOTE | |||
r-oldrel-macos-x86_64 | 2.0.3 | 53.00 | NOTE | |||
r-oldrel-windows-ix86+x86_64 | 2.0.3 | 66.00 | 115.00 | 181.00 | OK |
Version: 2.0.3
Check: C++ specification
Result: NOTE
Specified C++11: please drop specification unless essential
Flavors: r-devel-linux-x86_64-debian-clang, r-devel-linux-x86_64-debian-gcc, r-devel-linux-x86_64-fedora-clang, r-devel-linux-x86_64-fedora-gcc
Version: 2.0.3
Check: installed package size
Result: NOTE
installed size is 6.1Mb
sub-directories of 1Mb or more:
libs 5.7Mb
Flavors: r-release-macos-arm64, r-release-macos-x86_64, r-oldrel-macos-arm64, r-oldrel-macos-x86_64