Last updated on 2023-03-21 04:57:57 CET.
Flavor | Version | Tinstall | Tcheck | Ttotal | Status | Flags |
---|---|---|---|---|---|---|
r-devel-linux-x86_64-debian-clang | 2.1.3 | NOTE | ||||
r-devel-linux-x86_64-debian-gcc | 2.1.3 | 0.66 | 1.37 | 2.03 | ERROR | |
r-devel-linux-x86_64-fedora-clang | 2.1.3 | 2.56 | ERROR | |||
r-devel-linux-x86_64-fedora-gcc | 2.1.3 | 2.04 | ERROR | |||
r-patched-linux-x86_64 | 2.1.3 | 0.82 | 2.89 | 3.71 | ERROR | |
r-release-linux-x86_64 | 2.1.3 | 0.52 | 2.84 | 3.36 | ERROR | |
r-release-macos-arm64 | 2.1.3 | 195.00 | NOTE | |||
r-release-macos-x86_64 | 2.1.3 | 228.00 | NOTE | |||
r-release-windows-x86_64 | 2.1.3 | 398.00 | 246.00 | 644.00 | ERROR | |
r-oldrel-macos-arm64 | 2.1.3 | 195.00 | NOTE | |||
r-oldrel-macos-x86_64 | 2.1.3 | 239.00 | NOTE | |||
r-oldrel-windows-ix86+x86_64 | 2.1.3 | 928.00 | 337.00 | 1265.00 | NOTE |
Version: 2.1.3
Check: C++ specification
Result: NOTE
Specified C++14: please drop specification unless essential
Flavor: r-devel-linux-x86_64-debian-clang
Version: 2.1.3
Check: package dependencies
Result: ERROR
Package required but not available: ‘rxode2’
See section ‘The DESCRIPTION file’ in the ‘Writing R Extensions’
manual.
Flavors: r-devel-linux-x86_64-debian-gcc, r-devel-linux-x86_64-fedora-gcc, r-patched-linux-x86_64, r-release-linux-x86_64
Version: 2.1.3
Check: package dependencies
Result: ERROR
Packages required but not available:
'rxode2', 'rxode2parse', 'rxode2random'
Packages suggested but not available for checking:
'rxode2parse', 'rxode2random'
See section ‘The DESCRIPTION file’ in the ‘Writing R Extensions’
manual.
Flavor: r-devel-linux-x86_64-fedora-clang
Version: 2.1.3
Check: installed package size
Result: NOTE
installed size is 29.8Mb
sub-directories of 1Mb or more:
libs 28.7Mb
Flavors: r-release-macos-arm64, r-release-macos-x86_64, r-oldrel-macos-arm64, r-oldrel-macos-x86_64, r-oldrel-windows-ix86+x86_64
Version: 2.1.3
Check: dependencies in R code
Result: NOTE
Namespace in Imports field not imported from: ‘vpc’
All declared Imports should be used.
Flavors: r-release-macos-arm64, r-release-macos-x86_64, r-oldrel-macos-arm64, r-oldrel-macos-x86_64
Version: 2.1.3
Check: whether package can be installed
Result: ERROR
Installation failed.
Flavor: r-release-windows-x86_64