CRAN Package Check Results for Package newsanchor

Last updated on 2023-03-29 04:51:17 CEST.

Flavor Version Tinstall Tcheck Ttotal Status Flags
r-devel-linux-x86_64-debian-clang 0.1.1 6.60 51.40 58.00 OK
r-devel-linux-x86_64-debian-gcc 0.1.1 4.39 39.38 43.77 OK
r-devel-linux-x86_64-fedora-clang 0.1.1 73.67 NOTE
r-devel-linux-x86_64-fedora-gcc 0.1.1 79.00 NOTE
r-devel-windows-x86_64 0.1.1 29.00 0.00 29.00 OK
r-patched-linux-x86_64 0.1.1 4.01 49.61 53.62 OK
r-release-linux-x86_64 0.1.1 3.95 51.33 55.28 OK
r-release-macos-arm64 0.1.1 25.00 NOTE
r-release-macos-x86_64 0.1.1 49.00 NOTE
r-release-windows-x86_64 0.1.1 27.00 82.00 109.00 OK
r-oldrel-macos-arm64 0.1.1 33.00 NOTE
r-oldrel-macos-x86_64 0.1.1 46.00 NOTE
r-oldrel-windows-ix86+x86_64 0.1.1 16.00 82.00 98.00 OK

Check Details

Version: 0.1.1
Check: dependencies in R code
Result: NOTE
    Namespaces in Imports field not imported from:
     ‘devtools’ ‘xml2’
     All declared Imports should be used.
Flavors: r-devel-linux-x86_64-fedora-clang, r-devel-linux-x86_64-fedora-gcc, r-release-macos-arm64, r-release-macos-x86_64, r-oldrel-macos-arm64, r-oldrel-macos-x86_64

Version: 0.1.1
Check: data for non-ASCII characters
Result: NOTE
     Note: found 318 marked UTF-8 strings
Flavors: r-devel-linux-x86_64-fedora-clang, r-devel-linux-x86_64-fedora-gcc, r-release-macos-arm64, r-release-macos-x86_64, r-oldrel-macos-arm64, r-oldrel-macos-x86_64