Last updated on 2023-03-23 04:53:26 CET.
Flavor | Version | Tinstall | Tcheck | Ttotal | Status | Flags |
---|---|---|---|---|---|---|
r-devel-linux-x86_64-debian-clang | 0.9.0 | 6.67 | 33.76 | 40.43 | OK | |
r-devel-linux-x86_64-debian-gcc | 0.9.0 | 4.19 | 26.94 | 31.13 | OK | |
r-devel-linux-x86_64-fedora-clang | 0.9.0 | 54.19 | OK | |||
r-devel-linux-x86_64-fedora-gcc | 0.9.0 | 60.38 | OK | |||
r-patched-linux-x86_64 | 0.9.0 | 7.17 | 34.89 | 42.06 | OK | |
r-release-linux-x86_64 | 0.9.0 | 6.36 | 35.00 | 41.36 | OK | |
r-release-macos-arm64 | 0.9.0 | 22.00 | OK | |||
r-release-macos-x86_64 | 0.9.0 | 35.00 | OK | |||
r-release-windows-x86_64 | 0.9.0 | 27.00 | 108.00 | 135.00 | OK | |
r-oldrel-macos-arm64 | 0.9.0 | 34.00 | OK | |||
r-oldrel-macos-x86_64 | 0.9.0 | 38.00 | OK | |||
r-oldrel-windows-ix86+x86_64 | 0.9.0 | 12.00 | 62.00 | 74.00 | NOTE |
Version: 0.9.0
Check: dependencies in R code
Result: NOTE
Initiating curl with CURL_SSL_BACKEND: openssl
Flavor: r-oldrel-windows-ix86+x86_64