Last updated on 2023-03-22 04:52:51 CET.
Flavor | Version | Tinstall | Tcheck | Ttotal | Status | Flags |
---|---|---|---|---|---|---|
r-devel-linux-x86_64-debian-clang | 0.5.0 | 66.73 | 36.11 | 102.84 | OK | |
r-devel-linux-x86_64-debian-gcc | 0.5.0 | 55.12 | 29.02 | 84.14 | OK | |
r-devel-linux-x86_64-fedora-clang | 0.5.0 | 149.93 | OK | |||
r-devel-linux-x86_64-fedora-gcc | 0.5.0 | 135.11 | OK | |||
r-patched-linux-x86_64 | 0.5.0 | 54.46 | 37.93 | 92.39 | OK | |
r-release-linux-x86_64 | 0.5.0 | 55.45 | 37.55 | 93.00 | OK | |
r-release-macos-arm64 | 0.5.0 | 41.00 | NOTE | |||
r-release-macos-x86_64 | 0.5.0 | 76.00 | NOTE | |||
r-release-windows-x86_64 | 0.5.0 | 55.00 | 93.00 | 148.00 | OK | |
r-oldrel-macos-arm64 | 0.5.0 | 50.00 | NOTE | |||
r-oldrel-macos-x86_64 | 0.5.0 | 77.00 | NOTE | |||
r-oldrel-windows-ix86+x86_64 | 0.5.0 | 151.00 | 97.00 | 248.00 | OK |
Version: 0.5.0
Check: installed package size
Result: NOTE
installed size is 8.9Mb
sub-directories of 1Mb or more:
libs 8.8Mb
Flavors: r-release-macos-arm64, r-release-macos-x86_64, r-oldrel-macos-arm64, r-oldrel-macos-x86_64