Last updated on 2023-03-28 04:53:04 CEST.
Flavor | Version | Tinstall | Tcheck | Ttotal | Status | Flags |
---|---|---|---|---|---|---|
r-devel-linux-x86_64-debian-clang | 1.4.8 | 3.93 | 94.57 | 98.50 | NOTE | |
r-devel-linux-x86_64-debian-gcc | 1.4.8 | 2.87 | 68.08 | 70.95 | NOTE | |
r-devel-linux-x86_64-fedora-clang | 1.4.8 | 118.18 | NOTE | |||
r-devel-linux-x86_64-fedora-gcc | 1.4.8 | 125.70 | NOTE | |||
r-patched-linux-x86_64 | 1.4.8 | 3.99 | 90.56 | 94.55 | NOTE | |
r-release-linux-x86_64 | 1.4.8 | 2.18 | 89.92 | 92.10 | NOTE | |
r-release-macos-arm64 | 1.4.8 | 53.00 | OK | |||
r-release-macos-x86_64 | 1.4.8 | 57.00 | OK | |||
r-release-windows-x86_64 | 1.4.8 | 35.00 | 131.00 | 166.00 | OK | |
r-oldrel-macos-arm64 | 1.4.8 | 47.00 | OK | |||
r-oldrel-macos-x86_64 | 1.4.8 | 56.00 | OK | |||
r-oldrel-windows-ix86+x86_64 | 1.4.8 | 7.00 | 117.00 | 124.00 | OK |
Version: 1.4.8
Check: package dependencies
Result: NOTE
Package suggested but not available for checking: ‘DAISIE’
Flavors: r-devel-linux-x86_64-debian-clang, r-devel-linux-x86_64-debian-gcc, r-devel-linux-x86_64-fedora-clang, r-devel-linux-x86_64-fedora-gcc, r-patched-linux-x86_64, r-release-linux-x86_64