CRAN Package Check Results for Package nJira

Last updated on 2023-03-30 04:55:16 CEST.

Flavor Version Tinstall Tcheck Ttotal Status Flags
r-devel-linux-x86_64-debian-clang 0.1.1 3.99 33.21 37.20 NOTE
r-devel-linux-x86_64-debian-gcc 0.1.1 3.04 25.36 28.40 NOTE
r-devel-linux-x86_64-fedora-clang 0.1.1 45.50 NOTE
r-devel-linux-x86_64-fedora-gcc 0.1.1 43.37 NOTE
r-devel-windows-x86_64 0.1.1 12.00 0.00 12.00 NOTE
r-patched-linux-x86_64 0.1.1 3.37 31.88 35.25 NOTE
r-release-linux-x86_64 0.1.1 3.14 33.34 36.48 NOTE
r-release-macos-arm64 0.1.1 23.00 NOTE
r-release-macos-x86_64 0.1.1 33.00 NOTE
r-release-windows-x86_64 0.1.1 16.00 64.00 80.00 NOTE
r-oldrel-macos-arm64 0.1.1 31.00 NOTE
r-oldrel-macos-x86_64 0.1.1 37.00 NOTE
r-oldrel-windows-ix86+x86_64 0.1.1 10.00 62.00 72.00 NOTE

Check Details

Version: 0.1.1
Check: LazyData
Result: NOTE
     'LazyData' is specified without a 'data' directory
Flavors: r-devel-linux-x86_64-debian-clang, r-devel-linux-x86_64-debian-gcc, r-devel-linux-x86_64-fedora-clang, r-devel-linux-x86_64-fedora-gcc, r-devel-windows-x86_64, r-patched-linux-x86_64, r-release-linux-x86_64, r-release-macos-arm64, r-release-macos-x86_64, r-release-windows-x86_64, r-oldrel-macos-arm64, r-oldrel-macos-x86_64, r-oldrel-windows-ix86+x86_64

Version: 0.1.1
Check: dependencies in R code
Result: NOTE
    Namespace in Imports field not imported from: ‘rjson’
     All declared Imports should be used.
Flavors: r-devel-linux-x86_64-fedora-clang, r-devel-linux-x86_64-fedora-gcc, r-release-macos-arm64, r-release-macos-x86_64, r-oldrel-macos-arm64, r-oldrel-macos-x86_64