CRAN Package Check Results for Package multcompView

Last updated on 2023-03-22 04:52:51 CET.

Flavor Version Tinstall Tcheck Ttotal Status Flags
r-devel-linux-x86_64-debian-clang 0.1-8 3.58 44.60 48.18 NOTE
r-devel-linux-x86_64-debian-gcc 0.1-8 2.51 33.53 36.04 NOTE
r-devel-linux-x86_64-fedora-clang 0.1-8 62.42 NOTE
r-devel-linux-x86_64-fedora-gcc 0.1-8 57.83 NOTE
r-patched-linux-x86_64 0.1-8 2.95 41.70 44.65 OK
r-release-linux-x86_64 0.1-8 3.02 40.83 43.85 OK
r-release-macos-arm64 0.1-8 30.00 OK
r-release-macos-x86_64 0.1-8 38.00 OK
r-release-windows-x86_64 0.1-8 23.00 73.00 96.00 OK
r-oldrel-macos-arm64 0.1-8 27.00 OK
r-oldrel-macos-x86_64 0.1-8 47.00 OK
r-oldrel-windows-ix86+x86_64 0.1-8 7.00 74.00 81.00 OK

Check Details

Version: 0.1-8
Check: Rd files
Result: NOTE
    checkRd: (-1) print.multcompLetters.Rd:20: Escaped LaTeX specials: \$
Flavors: r-devel-linux-x86_64-debian-clang, r-devel-linux-x86_64-debian-gcc, r-devel-linux-x86_64-fedora-clang, r-devel-linux-x86_64-fedora-gcc