Last updated on 2023-03-28 04:53:03 CEST.
Flavor | Version | Tinstall | Tcheck | Ttotal | Status | Flags |
---|---|---|---|---|---|---|
r-devel-linux-x86_64-debian-clang | 0.6.3 | 2.12 | 30.46 | 32.58 | OK | |
r-devel-linux-x86_64-debian-gcc | 0.6.3 | 2.07 | 24.10 | 26.17 | OK | |
r-devel-linux-x86_64-fedora-clang | 0.6.3 | 42.16 | NOTE | |||
r-devel-linux-x86_64-fedora-gcc | 0.6.3 | 41.38 | NOTE | |||
r-patched-linux-x86_64 | 0.6.3 | 4.40 | 29.59 | 33.99 | OK | |
r-release-linux-x86_64 | 0.6.3 | 2.44 | 30.52 | 32.96 | OK | |
r-release-macos-arm64 | 0.6.3 | 19.00 | NOTE | |||
r-release-macos-x86_64 | 0.6.3 | 25.00 | NOTE | |||
r-release-windows-x86_64 | 0.6.3 | 17.00 | 68.00 | 85.00 | OK | |
r-oldrel-macos-arm64 | 0.6.3 | 19.00 | NOTE | |||
r-oldrel-macos-x86_64 | 0.6.3 | 25.00 | NOTE | |||
r-oldrel-windows-ix86+x86_64 | 0.6.3 | 7.00 | 65.00 | 72.00 | OK |
Version: 0.6.3
Check: data for non-ASCII characters
Result: NOTE
Note: found 75 marked UTF-8 strings
Flavors: r-devel-linux-x86_64-fedora-clang, r-devel-linux-x86_64-fedora-gcc, r-release-macos-arm64, r-release-macos-x86_64, r-oldrel-macos-arm64, r-oldrel-macos-x86_64