Last updated on 2023-03-25 04:54:45 CET.
Flavor | Version | Tinstall | Tcheck | Ttotal | Status | Flags |
---|---|---|---|---|---|---|
r-devel-linux-x86_64-debian-clang | 1.0.9 | 151.35 | 158.38 | 309.73 | OK | |
r-devel-linux-x86_64-debian-gcc | 1.0.9 | 116.01 | 117.04 | 233.05 | OK | |
r-devel-linux-x86_64-fedora-clang | 1.0.9 | 456.90 | OK | |||
r-devel-linux-x86_64-fedora-gcc | 1.0.9 | 415.56 | OK | |||
r-patched-linux-x86_64 | 1.0.9 | 122.29 | 142.97 | 265.26 | OK | |
r-release-linux-x86_64 | 1.0.9 | 117.32 | 138.66 | 255.98 | OK | |
r-release-macos-arm64 | 1.0.9 | 80.00 | NOTE | |||
r-release-macos-x86_64 | 1.0.9 | 123.00 | NOTE | |||
r-release-windows-x86_64 | 1.0.9 | 333.00 | 247.00 | 580.00 | OK | |
r-oldrel-macos-arm64 | 1.0.9 | 95.00 | NOTE | |||
r-oldrel-macos-x86_64 | 1.0.9 | 118.00 | NOTE | |||
r-oldrel-windows-ix86+x86_64 | 1.0.9 | 410.00 | 302.00 | 712.00 | OK |
Version: 1.0.9
Check: installed package size
Result: NOTE
installed size is 6.9Mb
sub-directories of 1Mb or more:
libs 5.0Mb
Flavors: r-release-macos-arm64, r-release-macos-x86_64, r-oldrel-macos-arm64, r-oldrel-macos-x86_64