CRAN Package Check Results for Package modules

Last updated on 2023-03-31 04:51:53 CEST.

Flavor Version Tinstall Tcheck Ttotal Status Flags
r-devel-linux-x86_64-debian-clang 0.10.0 2.82 35.90 38.72 NOTE
r-devel-linux-x86_64-debian-gcc 0.10.0 2.05 28.21 30.26 NOTE
r-devel-linux-x86_64-fedora-clang 0.10.0 49.54 NOTE
r-devel-linux-x86_64-fedora-gcc 0.10.0 118.06 NOTE
r-devel-windows-x86_64 0.10.0 34.00 0.00 34.00 NOTE
r-patched-linux-x86_64 0.10.0 2.44 35.12 37.56 NOTE
r-release-linux-x86_64 0.10.0 2.12 36.30 38.42 NOTE
r-release-macos-arm64 0.10.0 35.00 NOTE
r-release-macos-x86_64 0.10.0 54.00 NOTE
r-release-windows-x86_64 0.10.0 31.00 75.00 106.00 NOTE
r-oldrel-macos-arm64 0.10.0 52.00 NOTE
r-oldrel-macos-x86_64 0.10.0 102.00 NOTE
r-oldrel-windows-ix86+x86_64 0.10.0 6.00 65.00 71.00 NOTE

Check Details

Version: 0.10.0
Check: LazyData
Result: NOTE
     'LazyData' is specified without a 'data' directory
Flavors: r-devel-linux-x86_64-debian-clang, r-devel-linux-x86_64-debian-gcc, r-devel-linux-x86_64-fedora-clang, r-devel-linux-x86_64-fedora-gcc, r-devel-windows-x86_64, r-patched-linux-x86_64, r-release-linux-x86_64, r-release-macos-arm64, r-release-macos-x86_64, r-release-windows-x86_64, r-oldrel-macos-arm64, r-oldrel-macos-x86_64, r-oldrel-windows-ix86+x86_64