Last updated on 2023-03-28 04:53:03 CEST.
Flavor | Version | Tinstall | Tcheck | Ttotal | Status | Flags |
---|---|---|---|---|---|---|
r-devel-linux-x86_64-debian-clang | 1.3.0 | 10.20 | 74.88 | 85.08 | OK | |
r-devel-linux-x86_64-debian-gcc | 1.3.0 | 7.45 | 57.54 | 64.99 | OK | |
r-devel-linux-x86_64-fedora-clang | 1.3.0 | 113.55 | OK | |||
r-devel-linux-x86_64-fedora-gcc | 1.3.0 | 110.50 | OK | |||
r-patched-linux-x86_64 | 1.3.0 | 13.44 | 72.48 | 85.92 | OK | |
r-release-linux-x86_64 | 1.3.0 | 7.02 | 67.60 | 74.62 | OK | |
r-release-macos-arm64 | 1.3.0 | 33.00 | OK | |||
r-release-macos-x86_64 | 1.3.0 | 43.00 | OK | |||
r-release-windows-x86_64 | 1.3.0 | 166.00 | 107.00 | 273.00 | OK | |
r-oldrel-macos-arm64 | 1.3.0 | 39.00 | OK | |||
r-oldrel-macos-x86_64 | 1.3.0 | 48.00 | OK | |||
r-oldrel-windows-ix86+x86_64 | 1.3.0 | 22.00 | 96.00 | 118.00 | NOTE |
Version: 1.3.0
Check: dependencies in R code
Result: NOTE
Initiating curl with CURL_SSL_BACKEND: openssl
Flavor: r-oldrel-windows-ix86+x86_64