Last updated on 2023-03-31 04:51:53 CEST.
Flavor | Version | Tinstall | Tcheck | Ttotal | Status | Flags |
---|---|---|---|---|---|---|
r-devel-linux-x86_64-debian-clang | 0.1.1 | 348.00 | 85.41 | 433.41 | OK | |
r-devel-linux-x86_64-debian-gcc | 0.1.1 | 277.54 | 57.52 | 335.06 | OK | |
r-devel-linux-x86_64-fedora-clang | 0.1.1 | 661.37 | OK | |||
r-devel-linux-x86_64-fedora-gcc | 0.1.1 | 590.71 | OK | |||
r-devel-windows-x86_64 | 0.1.1 | 304.00 | 0.00 | 304.00 | OK | |
r-patched-linux-x86_64 | 0.1.1 | 297.94 | 76.30 | 374.24 | OK | |
r-release-linux-x86_64 | 0.1.1 | 260.85 | 76.69 | 337.54 | OK | |
r-release-macos-arm64 | 0.1.1 | 129.00 | NOTE | |||
r-release-macos-x86_64 | 0.1.1 | 165.00 | NOTE | |||
r-release-windows-x86_64 | 0.1.1 | 298.00 | 162.00 | 460.00 | OK | |
r-oldrel-macos-arm64 | 0.1.1 | 133.00 | NOTE | |||
r-oldrel-macos-x86_64 | 0.1.1 | 218.00 | NOTE | |||
r-oldrel-windows-ix86+x86_64 | 0.1.1 | 841.00 | 184.00 | 1025.00 | NOTE |
Version: 0.1.1
Check: installed package size
Result: NOTE
installed size is 17.5Mb
sub-directories of 1Mb or more:
doc 1.3Mb
libs 15.8Mb
Flavors: r-release-macos-arm64, r-release-macos-x86_64, r-oldrel-macos-arm64, r-oldrel-macos-x86_64, r-oldrel-windows-ix86+x86_64