Last updated on 2023-03-23 04:53:25 CET.
Flavor | Version | Tinstall | Tcheck | Ttotal | Status | Flags |
---|---|---|---|---|---|---|
r-devel-linux-x86_64-debian-clang | 0.2.0 | 5.36 | 45.97 | 51.33 | OK | |
r-devel-linux-x86_64-debian-gcc | 0.2.0 | 5.49 | 34.41 | 39.90 | OK | |
r-devel-linux-x86_64-fedora-clang | 0.2.0 | 67.57 | NOTE | |||
r-devel-linux-x86_64-fedora-gcc | 0.2.0 | 61.14 | NOTE | |||
r-patched-linux-x86_64 | 0.2.0 | 5.65 | 45.19 | 50.84 | OK | |
r-release-linux-x86_64 | 0.2.0 | 5.33 | 44.55 | 49.88 | OK | |
r-release-macos-arm64 | 0.2.0 | 22.00 | NOTE | |||
r-release-macos-x86_64 | 0.2.0 | 38.00 | NOTE | |||
r-release-windows-x86_64 | 0.2.0 | 11.00 | 115.00 | 126.00 | OK | |
r-oldrel-macos-arm64 | 0.2.0 | 26.00 | NOTE | |||
r-oldrel-macos-x86_64 | 0.2.0 | 35.00 | NOTE | |||
r-oldrel-windows-ix86+x86_64 | 0.2.0 | 16.00 | 72.00 | 88.00 | OK |
Version: 0.2.0
Check: dependencies in R code
Result: NOTE
Namespaces in Imports field not imported from:
‘FactoMineR’ ‘softImpute’
All declared Imports should be used.
Flavors: r-devel-linux-x86_64-fedora-clang, r-devel-linux-x86_64-fedora-gcc, r-release-macos-arm64, r-release-macos-x86_64, r-oldrel-macos-arm64, r-oldrel-macos-x86_64