Last updated on 2023-03-25 04:54:44 CET.
Flavor | Version | Tinstall | Tcheck | Ttotal | Status | Flags |
---|---|---|---|---|---|---|
r-devel-linux-x86_64-debian-clang | 1.0-45 | 20.64 | 171.75 | 192.39 | OK | |
r-devel-linux-x86_64-debian-gcc | 1.0-45 | 14.74 | 126.97 | 141.71 | OK | |
r-devel-linux-x86_64-fedora-clang | 1.0-45 | 239.62 | OK | |||
r-devel-linux-x86_64-fedora-gcc | 1.0-45 | 235.49 | OK | |||
r-patched-linux-x86_64 | 1.0-45 | 21.68 | 163.36 | 185.04 | OK | |
r-release-linux-x86_64 | 1.0-45 | 13.55 | 162.70 | 176.25 | OK | |
r-release-macos-arm64 | 1.0-45 | 62.00 | OK | |||
r-release-macos-x86_64 | 1.0-45 | 107.00 | OK | |||
r-release-windows-x86_64 | 1.0-45 | 45.00 | 218.00 | 263.00 | OK | |
r-oldrel-macos-arm64 | 1.0-45 | 49.00 | OK | |||
r-oldrel-macos-x86_64 | 1.0-45 | 81.00 | OK | |||
r-oldrel-windows-ix86+x86_64 | 1.0-45 | 44.00 | 190.00 | 234.00 | NOTE |
Version: 1.0-45
Check: R code for possible problems
Result: NOTE
Initiating curl with CURL_SSL_BACKEND: openssl
Flavor: r-oldrel-windows-ix86+x86_64