Last updated on 2023-04-01 04:56:22 CEST.
Flavor | Version | Tinstall | Tcheck | Ttotal | Status | Flags |
---|---|---|---|---|---|---|
r-devel-linux-x86_64-debian-clang | 1.1 | 4.19 | 56.78 | 60.97 | OK | |
r-devel-linux-x86_64-debian-gcc | 1.1 | 3.28 | 44.27 | 47.55 | OK | |
r-devel-linux-x86_64-fedora-clang | 1.1 | 82.73 | NOTE | |||
r-devel-linux-x86_64-fedora-gcc | 1.1 | 91.72 | NOTE | |||
r-devel-windows-x86_64 | 1.1 | 28.00 | 0.00 | 28.00 | OK | |
r-patched-linux-x86_64 | 1.1 | 4.76 | 55.14 | 59.90 | OK | |
r-release-linux-x86_64 | 1.1 | 3.74 | 54.70 | 58.44 | OK | |
r-release-macos-arm64 | 1.1 | 24.00 | NOTE | |||
r-release-macos-x86_64 | 1.1 | 42.00 | NOTE | |||
r-release-windows-x86_64 | 1.1 | 32.00 | 119.00 | 151.00 | OK | |
r-oldrel-macos-arm64 | 1.1 | 32.00 | NOTE | |||
r-oldrel-macos-x86_64 | 1.1 | 45.00 | NOTE | |||
r-oldrel-windows-ix86+x86_64 | 1.1 | 11.00 | 98.00 | 109.00 | OK |
Version: 1.1
Check: package dependencies
Result: NOTE
Packages suggested but not available for checking: 'DAPAR', 'ProteoMM'
Flavors: r-devel-linux-x86_64-fedora-clang, r-devel-linux-x86_64-fedora-gcc, r-release-macos-arm64, r-release-macos-x86_64, r-oldrel-macos-arm64, r-oldrel-macos-x86_64