Last updated on 2023-03-31 04:51:52 CEST.
Flavor | Version | Tinstall | Tcheck | Ttotal | Status | Flags |
---|---|---|---|---|---|---|
r-devel-linux-x86_64-debian-clang | 0.2.7 | 31.98 | 123.03 | 155.01 | OK | |
r-devel-linux-x86_64-debian-gcc | 0.2.7 | 22.97 | 90.03 | 113.00 | OK | |
r-devel-linux-x86_64-fedora-clang | 0.2.7 | 195.15 | NOTE | |||
r-devel-linux-x86_64-fedora-gcc | 0.2.7 | 183.13 | OK | |||
r-devel-windows-x86_64 | 0.2.7 | 97.00 | 0.00 | 97.00 | OK | |
r-patched-linux-x86_64 | 0.2.7 | 31.04 | 115.48 | 146.52 | OK | |
r-release-linux-x86_64 | 0.2.7 | 22.03 | 114.48 | 136.51 | OK | |
r-release-macos-arm64 | 0.2.7 | 82.00 | OK | |||
r-release-macos-x86_64 | 0.2.7 | 87.00 | OK | |||
r-release-windows-x86_64 | 0.2.7 | 66.00 | 211.00 | 277.00 | OK | |
r-oldrel-macos-arm64 | 0.2.7 | 79.00 | OK | |||
r-oldrel-macos-x86_64 | 0.2.7 | 89.00 | OK | |||
r-oldrel-windows-ix86+x86_64 | 0.2.7 | 68.00 | 279.00 | 347.00 | OK |
Version: 0.2.7
Check: Rd cross-references
Result: NOTE
Undeclared package ‘NLP’ in Rd xrefs
Flavor: r-devel-linux-x86_64-fedora-clang