Last updated on 2023-04-01 04:56:22 CEST.
Flavor | Version | Tinstall | Tcheck | Ttotal | Status | Flags |
---|---|---|---|---|---|---|
r-devel-linux-x86_64-debian-clang | 1.15.1 | 3.42 | 42.58 | 46.00 | OK | |
r-devel-linux-x86_64-debian-gcc | 1.15.1 | 2.60 | 33.49 | 36.09 | OK | |
r-devel-linux-x86_64-fedora-clang | 1.15.1 | 59.73 | OK | |||
r-devel-linux-x86_64-fedora-gcc | 1.15.1 | 67.90 | OK | |||
r-devel-windows-x86_64 | 1.15.1 | 31.00 | 0.00 | 31.00 | OK | |
r-patched-linux-x86_64 | 1.15.1 | 4.50 | 41.54 | 46.04 | OK | |
r-release-linux-x86_64 | 1.15.1 | 3.86 | 44.56 | 48.42 | OK | |
r-release-macos-arm64 | 1.15.1 | 25.00 | OK | |||
r-release-macos-x86_64 | 1.15.1 | 34.00 | OK | |||
r-release-windows-x86_64 | 1.15.1 | 10.00 | 108.00 | 118.00 | OK | |
r-oldrel-macos-arm64 | 1.15.1 | 28.00 | OK | |||
r-oldrel-macos-x86_64 | 1.15.1 | 36.00 | OK | |||
r-oldrel-windows-ix86+x86_64 | 1.15.1 | 14.00 | 76.00 | 90.00 | NOTE |
Version: 1.15.1
Check: dependencies in R code
Result: NOTE
Initiating curl with CURL_SSL_BACKEND: openssl
Flavor: r-oldrel-windows-ix86+x86_64