CRAN Package Check Results for Package matrixLaplacian

Last updated on 2023-03-22 04:52:49 CET.

Flavor Version Tinstall Tcheck Ttotal Status Flags
r-devel-linux-x86_64-debian-clang 1.0 1.91 19.37 21.28 NOTE
r-devel-linux-x86_64-debian-gcc 1.0 1.43 15.74 17.17 NOTE
r-devel-linux-x86_64-fedora-clang 1.0 28.68 NOTE
r-devel-linux-x86_64-fedora-gcc 1.0 26.27 NOTE
r-patched-linux-x86_64 1.0 1.61 20.69 22.30 NOTE
r-release-linux-x86_64 1.0 1.71 20.80 22.51 NOTE
r-release-macos-arm64 1.0 14.00 NOTE
r-release-macos-x86_64 1.0 18.00 NOTE
r-release-windows-x86_64 1.0 15.00 47.00 62.00 NOTE
r-oldrel-macos-arm64 1.0 17.00 NOTE
r-oldrel-macos-x86_64 1.0 23.00 NOTE
r-oldrel-windows-ix86+x86_64 1.0 4.00 44.00 48.00 NOTE

Check Details

Version: 1.0
Check: LazyData
Result: NOTE
     'LazyData' is specified without a 'data' directory
Flavors: r-devel-linux-x86_64-debian-clang, r-devel-linux-x86_64-debian-gcc, r-devel-linux-x86_64-fedora-clang, r-devel-linux-x86_64-fedora-gcc, r-patched-linux-x86_64, r-release-linux-x86_64, r-release-macos-arm64, r-release-macos-x86_64, r-release-windows-x86_64, r-oldrel-macos-arm64, r-oldrel-macos-x86_64, r-oldrel-windows-ix86+x86_64