CRAN Package Check Results for Package marginaleffects

Last updated on 2023-03-30 04:55:14 CEST.

Flavor Version Tinstall Tcheck Ttotal Status Flags
r-devel-linux-x86_64-debian-clang 0.11.0 37.99 143.69 181.68 OK
r-devel-linux-x86_64-debian-gcc 0.11.0 27.53 101.13 128.66 OK
r-devel-linux-x86_64-fedora-clang 0.11.0 240.75 NOTE
r-devel-linux-x86_64-fedora-gcc 0.11.0 220.20 OK
r-devel-windows-x86_64 0.11.0 294.00 0.00 294.00 WARN
r-patched-linux-x86_64 0.11.0 30.30 128.18 158.48 OK
r-release-linux-x86_64 0.11.0 27.79 125.24 153.03 OK
r-release-macos-arm64 0.11.0 47.00 OK
r-release-macos-x86_64 0.11.0 71.00 OK
r-release-windows-x86_64 0.11.0 329.00 173.00 502.00 OK
r-oldrel-macos-arm64 0.11.0 45.00 OK
r-oldrel-macos-x86_64 0.11.0 72.00 OK
r-oldrel-windows-ix86+x86_64 0.11.0 76.00 207.00 283.00 OK

Check Details

Version: 0.11.0
Check: Rd cross-references
Result: NOTE
    Undeclared package ‘car’ in Rd xrefs
Flavor: r-devel-linux-x86_64-fedora-clang

Version: 0.11.0
Check: for code/documentation mismatches
Result: WARN
    Fatal error: couldn't allocate node stack
Flavor: r-devel-windows-x86_64