CRAN Package Check Results for Package maps

Last updated on 2022-12-03 04:56:18 CET.

Flavor Version Tinstall Tcheck Ttotal Status Flags
r-devel-linux-x86_64-debian-clang 3.4.1 8.64 43.06 51.70 OK
r-devel-linux-x86_64-debian-gcc 3.4.1 6.91 32.95 39.86 OK
r-devel-linux-x86_64-fedora-clang 3.4.1 76.99 NOTE
r-devel-linux-x86_64-fedora-gcc 3.4.1 72.43 OK
r-devel-windows-x86_64 3.4.1 48.00 78.00 126.00 OK
r-patched-linux-x86_64 3.4.1 8.19 39.79 47.98 OK
r-release-linux-x86_64 3.4.1 7.53 39.78 47.31 OK
r-release-macos-arm64 3.4.1 37.00 OK
r-release-macos-x86_64 3.4.1 63.00 OK
r-release-windows-x86_64 3.4.1 47.00 79.00 126.00 OK
r-oldrel-macos-arm64 3.4.1 41.00 OK
r-oldrel-macos-x86_64 3.4.1 55.00 OK
r-oldrel-windows-ix86+x86_64 3.4.1 32.00 80.00 112.00 OK

Check Details

Version: 3.4.1
Check: Rd cross-references
Result: NOTE
    Undeclared package ‘rgdal’ in Rd xrefs
Flavor: r-devel-linux-x86_64-fedora-clang