CRAN Package Check Results for Package mapdata

Last updated on 2022-12-02 05:00:09 CET.

Flavor Version Tinstall Tcheck Ttotal Status Flags
r-devel-linux-x86_64-debian-clang 2.3.1 15.98 25.24 41.22 OK
r-devel-linux-x86_64-debian-gcc 2.3.1 10.72 20.21 30.93 OK
r-devel-linux-x86_64-fedora-clang 2.3.1 61.67 NOTE
r-devel-linux-x86_64-fedora-gcc 2.3.1 59.81 OK
r-devel-windows-x86_64 2.3.1 96.00 54.00 150.00 NOTE
r-patched-linux-x86_64 2.3.1 14.90 24.72 39.62 OK
r-release-linux-x86_64 2.3.1 12.90 24.89 37.79 OK
r-release-macos-arm64 2.3.1 36.00 NOTE
r-release-macos-x86_64 2.3.1 44.00 NOTE
r-release-windows-x86_64 2.3.1 68.00 53.00 121.00 NOTE
r-oldrel-macos-arm64 2.3.1 27.00 NOTE
r-oldrel-macos-x86_64 2.3.1 46.00 NOTE
r-oldrel-windows-ix86+x86_64 2.3.1 76.00 46.00 122.00 NOTE

Check Details

Version: 2.3.1
Check: installed package size
Result: NOTE
     installed size is 33.5Mb
     sub-directories of 1Mb or more:
     mapdata 33.4Mb
Flavors: r-devel-linux-x86_64-fedora-clang, r-devel-windows-x86_64, r-release-macos-arm64, r-release-macos-x86_64, r-release-windows-x86_64, r-oldrel-macos-arm64, r-oldrel-macos-x86_64, r-oldrel-windows-ix86+x86_64