Last updated on 2023-03-23 04:53:24 CET.
Flavor | Version | Tinstall | Tcheck | Ttotal | Status | Flags |
---|---|---|---|---|---|---|
r-devel-linux-x86_64-debian-clang | 1.3.0 | 4.98 | 73.10 | 78.08 | OK | |
r-devel-linux-x86_64-debian-gcc | 1.3.0 | 2.95 | 56.66 | 59.61 | OK | |
r-devel-linux-x86_64-fedora-clang | 1.3.0 | 99.89 | NOTE | |||
r-devel-linux-x86_64-fedora-gcc | 1.3.0 | 114.76 | OK | |||
r-patched-linux-x86_64 | 1.3.0 | 4.90 | 70.64 | 75.54 | OK | |
r-release-linux-x86_64 | 1.3.0 | 4.65 | 70.08 | 74.73 | OK | |
r-release-macos-arm64 | 1.3.0 | 29.00 | OK | |||
r-release-macos-x86_64 | 1.3.0 | 47.00 | OK | |||
r-release-windows-x86_64 | 1.3.0 | 23.00 | 126.00 | 149.00 | OK | |
r-oldrel-macos-arm64 | 1.3.0 | 29.00 | OK | |||
r-oldrel-macos-x86_64 | 1.3.0 | 45.00 | OK | |||
r-oldrel-windows-ix86+x86_64 | 1.3.0 | 12.00 | 100.00 | 112.00 | OK |
Version: 1.3.0
Check: Rd cross-references
Result: NOTE
Undeclared package ‘tibble’ in Rd xrefs
Flavor: r-devel-linux-x86_64-fedora-clang