CRAN Package Check Results for Package lwgeom

Last updated on 2022-11-27 04:51:23 CET.

Flavor Version Tinstall Tcheck Ttotal Status Flags
r-devel-linux-x86_64-debian-clang 0.2-10 104.64 73.85 178.49 OK
r-devel-linux-x86_64-debian-gcc 0.2-10 84.24 56.81 141.05 OK
r-devel-linux-x86_64-fedora-clang 0.2-10 242.96 OK
r-devel-linux-x86_64-fedora-gcc 0.2-10 244.00 OK
r-devel-windows-x86_64 0.2-10 220.00 211.00 431.00 NOTE
r-patched-linux-x86_64 0.2-10 84.16 71.26 155.42 OK
r-release-linux-x86_64 0.2-10 81.05 72.48 153.53 OK
r-release-macos-arm64 0.2-10 68.00 NOTE
r-release-macos-x86_64 0.2-10 89.00 NOTE
r-release-windows-x86_64 0.2-9 233.00 219.00 452.00 NOTE
r-oldrel-macos-arm64 0.2-10 71.00 NOTE
r-oldrel-macos-x86_64 0.2-10 91.00 NOTE
r-oldrel-windows-ix86+x86_64 0.2-10 242.00 214.00 456.00 WARN

Check Details

Version: 0.2-10
Check: installed package size
Result: NOTE
     installed size is 11.4Mb
     sub-directories of 1Mb or more:
     libs 11.3Mb
Flavors: r-devel-windows-x86_64, r-release-macos-arm64, r-release-macos-x86_64, r-oldrel-macos-arm64, r-oldrel-macos-x86_64, r-oldrel-windows-ix86+x86_64

Version: 0.2-9
Check: installed package size
Result: NOTE
     installed size is 11.4Mb
     sub-directories of 1Mb or more:
     libs 11.3Mb
Flavor: r-release-windows-x86_64

Version: 0.2-10
Check: whether package can be installed
Result: WARN
    Found the following significant warnings:
     liblwgeom/lwgeom_topo.c:4305:36: warning: too many arguments for format [-Wformat-extra-args]
     liblwgeom/lwgeom_topo.c:4357:38: warning: too many arguments for format [-Wformat-extra-args]
Flavor: r-oldrel-windows-ix86+x86_64