Last updated on 2023-02-08 04:52:03 CET.
Flavor | Version | Tinstall | Tcheck | Ttotal | Status | Flags |
---|---|---|---|---|---|---|
r-devel-linux-x86_64-debian-clang | 0.3.1 | 29.18 | 93.30 | 122.48 | NOTE | |
r-devel-linux-x86_64-debian-gcc | 0.3.1 | 19.03 | 69.77 | 88.80 | NOTE | |
r-devel-linux-x86_64-fedora-clang | 0.3.1 | 156.41 | NOTE | |||
r-devel-linux-x86_64-fedora-gcc | 0.3.1 | 147.57 | NOTE | |||
r-devel-windows-x86_64 | 0.3.1 | 38.00 | 156.00 | 194.00 | NOTE | |
r-patched-linux-x86_64 | 0.3.1 | 23.41 | 90.66 | 114.07 | NOTE | |
r-release-linux-x86_64 | 0.3.1 | 19.83 | 90.46 | 110.29 | NOTE | |
r-release-macos-arm64 | 0.3.1 | 50.00 | NOTE | |||
r-release-macos-x86_64 | 0.3.1 | 78.00 | NOTE | |||
r-release-windows-x86_64 | 0.3.1 | 41.00 | 159.00 | 200.00 | NOTE | |
r-oldrel-macos-arm64 | 0.3.1 | 57.00 | NOTE | |||
r-oldrel-macos-x86_64 | 0.3.1 | 65.00 | NOTE | |||
r-oldrel-windows-ix86+x86_64 | 0.3.1 | 58.00 | 229.00 | 287.00 | NOTE |
Version: 0.3.1
Check: C++ specification
Result: NOTE
Specified C++11: please update to current default of C++17
Flavors: r-devel-linux-x86_64-debian-clang, r-devel-windows-x86_64
Version: 0.3.1
Check: LazyData
Result: NOTE
'LazyData' is specified without a 'data' directory
Flavors: r-devel-linux-x86_64-debian-clang, r-devel-linux-x86_64-debian-gcc, r-devel-linux-x86_64-fedora-clang, r-devel-linux-x86_64-fedora-gcc, r-devel-windows-x86_64, r-patched-linux-x86_64, r-release-linux-x86_64, r-release-macos-arm64, r-release-macos-x86_64, r-release-windows-x86_64, r-oldrel-macos-arm64, r-oldrel-macos-x86_64, r-oldrel-windows-ix86+x86_64
Version: 0.3.1
Check: C++ specification
Result: NOTE
Specified C++11: please drop specification unless essential
Flavors: r-devel-linux-x86_64-debian-gcc, r-devel-linux-x86_64-fedora-clang, r-devel-linux-x86_64-fedora-gcc
Version: 0.3.1
Check: installed package size
Result: NOTE
installed size is 5.3Mb
sub-directories of 1Mb or more:
R 4.0Mb
libs 1.1Mb
Flavors: r-devel-windows-x86_64, r-release-macos-arm64, r-release-macos-x86_64, r-release-windows-x86_64, r-oldrel-macos-arm64, r-oldrel-macos-x86_64, r-oldrel-windows-ix86+x86_64