Last updated on 2023-03-31 04:51:51 CEST.
Flavor | Version | Tinstall | Tcheck | Ttotal | Status | Flags |
---|---|---|---|---|---|---|
r-devel-linux-x86_64-debian-clang | 1.0 | 18.81 | 152.47 | 171.28 | OK | |
r-devel-linux-x86_64-debian-gcc | 1.0 | 15.34 | 113.12 | 128.46 | OK | |
r-devel-linux-x86_64-fedora-clang | 1.0 | 211.34 | NOTE | |||
r-devel-linux-x86_64-fedora-gcc | 1.0 | 210.21 | OK | |||
r-devel-windows-x86_64 | 1.0 | 28.00 | 0.00 | 28.00 | OK | |
r-patched-linux-x86_64 | 1.0 | 14.83 | 143.61 | 158.44 | OK | |
r-release-linux-x86_64 | 1.0 | 18.63 | 152.25 | 170.88 | OK | |
r-release-macos-arm64 | 1.0 | 57.00 | OK | |||
r-release-macos-x86_64 | 1.0 | 81.00 | OK | |||
r-release-windows-x86_64 | 1.0 | 22.00 | 191.00 | 213.00 | OK | |
r-oldrel-macos-arm64 | 1.0 | 66.00 | OK | |||
r-oldrel-macos-x86_64 | 1.0 | 81.00 | OK | |||
r-oldrel-windows-ix86+x86_64 | 1.0 | 41.00 | 177.00 | 218.00 | OK |
Version: 1.0
Check: package dependencies
Result: NOTE
Imports includes 21 non-default packages.
Importing from so many packages makes the package vulnerable to any of
them becoming unavailable. Move as many as possible to Suggests and
use conditionally.
Flavor: r-devel-linux-x86_64-fedora-clang