Last updated on 2023-04-02 04:51:41 CEST.
Flavor | Version | Tinstall | Tcheck | Ttotal | Status | Flags |
---|---|---|---|---|---|---|
r-devel-linux-x86_64-debian-clang | 1.7.0 | 3.89 | 88.93 | 92.82 | OK | |
r-devel-linux-x86_64-debian-gcc | 1.7.0 | 3.68 | 64.11 | 67.79 | OK | |
r-devel-linux-x86_64-fedora-clang | 1.7.0 | 112.41 | NOTE | |||
r-devel-linux-x86_64-fedora-gcc | 1.7.0 | 117.48 | OK | |||
r-devel-windows-x86_64 | 1.7.0 | 10.00 | 132.00 | 142.00 | OK | |
r-patched-linux-x86_64 | 1.7.0 | 5.41 | 83.77 | 89.18 | OK | |
r-release-linux-x86_64 | 1.7.0 | 5.14 | 84.37 | 89.51 | OK | |
r-release-macos-arm64 | 1.7.0 | 44.00 | OK | |||
r-release-macos-x86_64 | 1.7.0 | 52.00 | OK | |||
r-release-windows-x86_64 | 1.7.0 | 46.00 | 146.00 | 192.00 | OK | |
r-oldrel-macos-arm64 | 1.7.0 | 45.00 | OK | |||
r-oldrel-macos-x86_64 | 1.7.0 | 51.00 | OK | |||
r-oldrel-windows-ix86+x86_64 | 1.7.0 | 10.00 | 120.00 | 130.00 | OK |
Version: 1.7.0
Check: Rd cross-references
Result: NOTE
Undeclared package ‘future’ in Rd xrefs
Flavor: r-devel-linux-x86_64-fedora-clang